{"id":4800,"date":"2024-01-14T20:35:21","date_gmt":"2024-01-14T19:35:21","guid":{"rendered":"https:\/\/cdc-tff.org\/web\/?page_id=4800"},"modified":"2024-02-27T22:42:42","modified_gmt":"2024-02-27T21:42:42","slug":"rijetezojme-trashegimine-drejt-se-ardhmes","status":"publish","type":"page","link":"https:\/\/cdc-tff.org\/web\/?page_id=4800","title":{"rendered":"RIJET\u00cbZOJM\u00cb TRASH\u00cbGIMIN\u00cb DREJT S\u00cb ARDHMES"},"content":{"rendered":"\n<p>RIJET\u00cbZOJM\u00cb TRASH\u00cbGIMIN\u00cb DREJT S\u00cb ARDHMES<\/p>\n\n\n\n<p>Promovimi i trash\u00ebgimis\u00eb kulturore n\u00ebp\u00ebrmjet qasjeve digjitale dhe analoge gjith\u00ebp\u00ebrfshir\u00ebse, me ndjeshm\u00ebri gjinore dhe mbrojtje ndaj mjedisit<\/p>\n\n\n\n<p>Nisma e rijet\u00ebzimin p\u00ebr trash\u00ebgimin\u00eb kulturore n\u00eb Bashkin\u00eb e Kavaj\u00ebs synon ruajtjen dhe promovimin inovativ dhe gjith\u00ebp\u00ebrshir\u00ebs t\u00eb trash\u00ebgimis\u00eb kulturore, historike, tradicionale dhe natyrore drejt zhvillimit t\u00eb q\u00ebndruesh\u00ebm n\u00eb Kavaj\u00eb. Kjo nism\u00eb do t\u00eb bazohet n\u00eb kontributin e ndjesh\u00ebm e te balancuar gjinor t\u00eb profesionist\u00ebve, t\u00eb rinjve, artizan\u00ebve, bashkis\u00eb dhe komunitetit kavajas.<\/p>\n\n\n\n<p>\u201cK\u00ebto video jan\u00eb prodhuar nga Qendra p\u00ebr Zhvillim Komunitar \u201cSot p\u00ebr t\u00eb Ardhmen\u201d me mb\u00ebshtetjen financiare t\u00eb Bashkimit Europian dhe\/ose UNOPS\u201d <\/p>\n\n\n\n<p><\/p>\n\n\n\n<figure class=\"wp-block-embed is-type-video is-provider-youtube wp-block-embed-youtube wp-embed-aspect-16-9 wp-has-aspect-ratio\"><div class=\"wp-block-embed__wrapper\">\n<iframe loading=\"lazy\" title=\"Kolazhi vallja e qilimave dhe vallja e qypave\" width=\"1180\" height=\"664\" src=\"https:\/\/www.youtube.com\/embed\/Bgdb7Qh2hRY?feature=oembed\" frameborder=\"0\" allow=\"accelerometer; autoplay; clipboard-write; encrypted-media; gyroscope; picture-in-picture; web-share\" allowfullscreen><\/iframe>\n<\/div><\/figure>\n\n\n\n<figure class=\"wp-block-embed is-type-video is-provider-youtube wp-block-embed-youtube wp-embed-aspect-16-9 wp-has-aspect-ratio\"><div class=\"wp-block-embed__wrapper\">\n<iframe loading=\"lazy\" title=\"Kenga &quot;Pusi i Cerrag\u00ebs&quot;\" width=\"1180\" height=\"664\" src=\"https:\/\/www.youtube.com\/embed\/KUWReN6IGaY?feature=oembed\" frameborder=\"0\" allow=\"accelerometer; autoplay; clipboard-write; encrypted-media; gyroscope; picture-in-picture; web-share\" allowfullscreen><\/iframe>\n<\/div><\/figure>\n\n\n\n<figure class=\"wp-block-embed is-type-video is-provider-youtube wp-block-embed-youtube wp-embed-aspect-16-9 wp-has-aspect-ratio\"><div class=\"wp-block-embed__wrapper\">\n<iframe loading=\"lazy\" title=\"Kristina Koljaka - Skulptorja e par\u00eb shqiptare\" width=\"1180\" height=\"664\" src=\"https:\/\/www.youtube.com\/embed\/a-kszuRe-Yk?feature=oembed\" frameborder=\"0\" allow=\"accelerometer; autoplay; clipboard-write; encrypted-media; gyroscope; picture-in-picture; web-share\" allowfullscreen><\/iframe>\n<\/div><\/figure>\n","protected":false},"excerpt":{"rendered":"<p>RIJET\u00cbZOJM\u00cb TRASH\u00cbGIMIN\u00cb DREJT S\u00cb ARDHMES Promovimi i trash\u00ebgimis\u00eb kulturore n\u00ebp\u00ebrmjet qasjeve digjitale dhe analoge gjith\u00ebp\u00ebrfshir\u00ebse, me ndjeshm\u00ebri gjinore dhe mbrojtje ndaj mjedisit Nisma e rijet\u00ebzimin p\u00ebr trash\u00ebgimin\u00eb kulturore n\u00eb Bashkin\u00eb e Kavaj\u00ebs synon ruajtjen dhe promovimin inovativ dhe gjith\u00ebp\u00ebrshir\u00ebs t\u00eb trash\u00ebgimis\u00eb kulturore, historike, tradicionale dhe natyrore drejt zhvillimit t\u00eb q\u00ebndruesh\u00ebm n\u00eb Kavaj\u00eb. Kjo nism\u00eb do<\/p>\n","protected":false},"author":1,"featured_media":0,"parent":0,"menu_order":0,"comment_status":"closed","ping_status":"closed","template":"","meta":{"ngg_post_thumbnail":0},"_links":{"self":[{"href":"https:\/\/cdc-tff.org\/web\/index.php?rest_route=\/wp\/v2\/pages\/4800"}],"collection":[{"href":"https:\/\/cdc-tff.org\/web\/index.php?rest_route=\/wp\/v2\/pages"}],"about":[{"href":"https:\/\/cdc-tff.org\/web\/index.php?rest_route=\/wp\/v2\/types\/page"}],"author":[{"embeddable":true,"href":"https:\/\/cdc-tff.org\/web\/index.php?rest_route=\/wp\/v2\/users\/1"}],"replies":[{"embeddable":true,"href":"https:\/\/cdc-tff.org\/web\/index.php?rest_route=%2Fwp%2Fv2%2Fcomments&post=4800"}],"version-history":[{"count":2,"href":"https:\/\/cdc-tff.org\/web\/index.php?rest_route=\/wp\/v2\/pages\/4800\/revisions"}],"predecessor-version":[{"id":4804,"href":"https:\/\/cdc-tff.org\/web\/index.php?rest_route=\/wp\/v2\/pages\/4800\/revisions\/4804"}],"wp:attachment":[{"href":"https:\/\/cdc-tff.org\/web\/index.php?rest_route=%2Fwp%2Fv2%2Fmedia&parent=4800"}],"curies":[{"name":"wp","href":"https:\/\/api.w.org\/{rel}","templated":true}]}}